p).
-6
Let b(p) = -5*p**2 + 2*p + 5. Let z(f) = -11*f**2 + 5*f + 11. Let h(s) = 9*b(s) - 4*z(s). Let t = -3 + 1. Determine h(t).
1
Let x(m) = -7*m**3 - 10*m**2 - 6*m + 5. Suppose 0 = -5*l - 39 - 16. Let i(h) = 13*h**3 + 19*h**2 + 11*h - 10. Let q(r) = l*x(r) - 6*i(r). What is q(-4)?
5
Let f(h) = 4*h + 3. Suppose s + 8 = -s. Determine f(s).
-13
Let f = -3 + 6. Suppose -3*g - 3*j + 18 = -f, -4*g + 19 = j. Suppose 2*i - 4*i = 4*h + 6, 0 = g*i + 2*h - 12. Let t(p) = p**2 - 5*p - 2. Determine t(i).
-2
Suppose -17*g = -22*g - 25. Let c(w) = -w**2 - 3*w. What is c(g)?
-10
Let g = -1 + -2. Let j(m) = -m**3 - 4*m**2 - 4*m + 1. Let n be j(g). Let l(f) = -1 + n + 0*f**2 - f - f**2. Give l(0).
3
Let t(h) = 2*h + 31. Let f(y) = -y - 15. Let l(s) = -7*f(s) - 3*t(s). Give l(-7).
5
Let q(c) = 2*c**2 - 12*c. Let t(i) = -i**2 + 6*i. Let w(u) = 2*q(u) + 5*t(u). Calculate w(8).
-16
Suppose -2*t - 11 - 1 = -a, a = -t. Let r(i) = i**2 - 5*i + 1. Calculate r(a).
-3
Let x(o) = 1. Let g(c) = c**3 - 2*c**2 - 8*c - 8. Let f(u) = -g(u) - 3*x(u). Let k be f(4). Let w(y) = -y**3 + 5*y**2 + 3*y - 6. Determine w(k).
9
Let u(c) = 5*c - 4*c + 3*c + 5*c. Give u(1).
9
Let s(j) = j + 4. Suppose 0*u - 3*u = 0. Let i be -2 + 0 + u - -4. Suppose a - 2*o - 8 + i = 0, 9 = -3*o. What is s(a)?
4
Let r(j) = 8*j**2 - 5*j - 7. Let z(m) = -m - 1. Let y(n) = -r(n) + 6*z(n). Give y(1).
-8
Let v be (-4)/12*-3*2. Let k(t) = -t**3 - 7*t**2 + 7*t - 5. Let m be k(-8). Let z(p) = 0*p**2 + 0*p - m*p + 3*p**2. Calculate z(v).
6
Let p(h) = 2*h + 0 - h**2 + 9 - 26*h. Let w(y) = -6*y + 2. Let f(l) = -2*p(l) + 9*w(l). Suppose -3*c + 11 = -1. Give f(c).
8
Let y(j) = -j - 1. Let l(x) = 2*x + 5. Let g(f) = l(f) + y(f). Calculate g(4).
8
Let x be -1 - 2 - (-1 + 1). Let u be ((-4)/12)/(1/(-3)). Let w = u + x. Let d(s) = -s**3 - s**2 + 1. Calculate d(w).
5
Suppose -d = -0 + 3. Let g(j) be the second derivative of j**5/20 + j**4/6 - j**3/6 + j**2/2 + 31*j - 3. Give g(d).
-5
Let i(s) = -7*s**3 - 7*s**2 + 5*s**3 + 6*s + 3*s**3. Let y = -16 - -22. Let a be i(y). Let k(h) = h + 2. Determine k(a).
2
Let z(f) = -f**2 + 5*f + 1. Let d be 1*5 + 0/5. Let c be z(d). Let y(h) = -6*h + 5. Let n(s) = 6*s - 6. Let m(p) = -4*n(p) - 5*y(p). Determine m(c).
5
Let j(a) be the first derivative of 3*a**2 + 2. Determine j(2).
12
Let z(u) be the second derivative of -3/2*u**2 - 1/12*u**4 + 2*u + 7/6*u**3 + 0. Let t = -8 - -13. Calculate z(t).
7
Let n(d) = 2 + 2*d + 5*d - 2*d + 2*d**2. Give n(-3).
5
Let h(f) = f**2 - 4*f - 7. Let c = -10 - -16. What is h(c)?
5
Suppose 0 = -4*z - 19 + 35. Let w(j) = j - 1. Give w(z).
3
Let n(j) = j**3 + 2*j**2 - 3*j + 2. Let h(z) be the first derivative of -z**2 - 2*z - 1. Let a be h(-2). What is n(a)?
12
Let j(f) = -f**3 + 5*f**2 + 6*f + 8. Let m be (-2)/(-10) + 3/(-15). Suppose m = -5*y + 37 - 7. Determine j(y).
8
Suppose 0 = 5*f + 2*m + 10, 3*f + 4*m + 16 + 4 = 0. Let h(v) = -v - 24. Give h(f).
-24
Let x be 4 + 2/5 + (-44)/10. Let b(y) = y + 3. Determine b(x).
3
Let y(o) = -2*o**2 - 2*o + 1. Let x(l) = 3*l - 1 + l**3 + 2 - 7*l**2 - 3*l. Let v be x(7). Give y(v).
-3
Let k(s) be the third derivative of -s**5/60 + s**4/4 - s**3/3 - 26*s**2. What is k(4)?
6
Let f(m) be the first derivative of -m**3 - m**2/2 - 23. Calculate f(1).
-4
Let q = -2 + 5. Let m(l) = -l + 3. Suppose -2*z - 2*z - 3*n = -18, -2*n = -4*z + 28. Let i(v) = -v + 2. Let w(s) = z*i(s) - 5*m(s). Determine w(q).
-6
Suppose 15 = -4*x + 4*r - 9, -3*r + 19 = -4*x. Let a be 5/x*(-3)/3. Let d(n) = n - 6 - a + 2. Determine d(5).
-4
Let n(y) = -y**3 + y**2 + 2. Let o be n(0). Let w(c) be the second derivative of 1/3*c**3 + 3*c + 0 - 1/6*c**4 + 1/2*c**2. What is w(o)?
-3
Let f(r) = 1 + 7*r + 0*r - 2*r - 3*r. Suppose 4*t + 0*t - 4 = 0. Determine f(t).
3
Let w(k) be the third derivative of -k**6/360 - k**5/30 - k**4/8 + k**3/3 - k**2. Let v(o) be the first derivative of w(o). Give v(-2).
1
Let m(d) = d + 1. Let v = 15 + -5. Let j be v/(-14) - 2/7. What is m(j)?
0
Let f(t) = -5*t**2 - t**3 + 2 - 8 + 4. Give f(-5).
-2
Suppose -l - 6 = g, -4*l - 4*g + g - 21 = 0. Let j(p) = p**2 + p + 3. Determine j(l).
9
Suppose -42 = -4*w + 34. Suppose 19 = 3*a + 7. Suppose a*m + 28 = -2*i + 12, 4*i + w = 5*m. Let x(y) = -2*y - 8. Calculate x(i).
4
Suppose 0 = 3*i + 7 + 2. Let m be 1 + i - (-2 + 0). Let z(g) = -3 + 11 - g**3 + g - g**2 + 2*g**2. What is z(m)?
8
Let o = 0 - 9. Let k be 7/4 - o/(-12). Let g(w) = -w**3 + w**2 - 2*w + 1. What is g(k)?
-1
Let x(o) = -9*o - 10. Let s(k) = 8*k + 9. Let n(g) = 7*s(g) + 6*x(g). Determine n(3).
9
Suppose -h + 5*k + 4 = 0, 0*h + 3*h = -k + 12. Let d = h + -6. Let j(t) = t - t**3 - 23 - t**2 + 24 + 0*t**2. What is j(d)?
3
Let t(y) = 2*y + 4*y - y + 7 - 4*y. Calculate t(-4).
3
Let m(b) = -2*b - 5. Let w be m(-5). Suppose 0 = 5*v - 5 - 5. Let n(c) = -v*c - c - 4 + 2*c**2 - c**2. Give n(w).
6
Let c(f) be the first derivative of -27*f**2/2 + 64. Determine c(-1).
27
Let s(w) = 1. Let c(v) = 7*v + 23. Let r(m) = c(m) - 2*s(m). Let t(j) = 2*j + 5. Let b(g) = -5*r(g) + 21*t(g). What is b(-2)?
-14
Let j(y) be the second derivative of y**3/6 + y**2/2 - 8*y. Determine j(6).
7
Let m(z) be the third derivative of z**6/120 - 7*z**5/60 - 46*z**2. What is m(7)?
0
Let i(t) be the first derivative of -t**5/60 + t**2 + 3. Let z(r) be the second derivative of i(r). Suppose -4*m + 4*k - 12 = 0, 8 - 1 = -3*m + k. Give z(m).
-4
Let c(m) = m**3 + m - 3. Suppose -3*w = -4*w. Let i be w*(0 - 1/(-2)). Suppose i = -2*o - o. Calculate c(o).
-3
Let r(d) be the third derivative of d**8/6720 - d**7/840 + d**6/240 - d**5/120 + 5*d**4/24 + 11*d**2. Let j(c) be the second derivative of r(c). Calculate j(3).
8
Let s(m) = m + 12. Let w be s(-13). Let g(b) = b**3 + 2*b**2. Let z be g(w). Let y(p) = 11*p**3 - p**2 + 1. Calculate y(z).
11
Suppose -4*p + 2*s = 22, -20 = 3*s + s. Let c(w) = -w - 10. What is c(p)?
-2
Let d(f) = 5*f - 9 - 2*f - 2*f + 0*f. Suppose 0 = -5*o + s + 35, 3*o + s - 3 = -2*s. Let g be d(o). Let l(v) = v**3 + 3*v**2 - 2. Determine l(g).
-2
Let b(a) be the third derivative of a**6/120 - a**5/12 - a**4/4 + a**3 + 7*a**2. Let l be b(6). Let y(m) = m + 1. What is y(l)?
7
Let n(f) be the second derivative of 5*f**3/6 - f**2/2 + f. Suppose g + 86 - 34 = 0. Let p be (-96)/g - 4/(-26). Calculate n(p).
9
Let d(j) be the third derivative of 0 + 0*j - 1/6*j**3 - 1/24*j**5 + j**2 + 1/8*j**4 + 1/360*j**6. Let v(i) be the first derivative of d(i). Determine v(5).
3
Let f(x) = 10*x + 1. Suppose 8 = -9*a + 5*a. Give f(a).
-19
Let r(b) = b - 12. Let o(w) = 3*w - 5. Let i be o(5). Suppose -u = -0*k + 2*k - i, 25 = 3*u + 5*k. Calculate r(u).
-12
Let a(f) be the second derivative of -f**3/3 + f**2/2 - 8*f. Let v be (-4)/(-12) - 26/(-3). Suppose 0 = 3*w - z - 4*z + v, -w - 5*z - 3 = 0. What is a(w)?
7
Let p(k) = -k**2 - 7*k - 3. Let s = 9 - 5. Suppose 6 = -2*h - s. Determine p(h).
7
Let h(a) = a**2 - 9*a + 5. Suppose -50 - 2 = -4*t - 2*f, -5*t = 4*f - 62. Suppose -4*u - 2 = 3*p, 3*p - t = 3*u + 19. Calculate h(p).
-13
Let y(m) = -5*m**2 - 10*m + 5. Let n(w) = -6*w**2 - 11*w + 5. Let c(f) = 4*n(f) - 5*y(f). What is c(-6)?
-5
Let m(g) = g**2 - 4*g. Let d(s) = s**3 - 5*s**2 + 4*s + 4. Let t be d(4). Give m(t).
0
Let n(h) = h - 13. Let d(x) = -4*x + 40. Let i(p) = -2*d(p) - 7*n(p). Give i(-13).
-2
Suppose h + 3*h = -20, 4*k - 5*h - 29 = 0. Suppose 2*r + 6 = 5*r. Let f(z) = -1 + r*z**2 - 3*z**3 - z**3 - z**3. Determine f(k).
-4
Let c(g) = -g**2 - 9*g - 10. Let t be (-60)/8 - (-3)/(-6). Give c(t).
-2
Let b(i) = 3*i**2 - 2*i - 8*i**3 - 1 + 0*i - 5*i**2. Let n be -1*1*(1 + -2). Suppose 2*z = z - n. What is b(z)?
7
Let f(g) = g**2 - 10*g + 6. Let q be f(9). Let l(r) = -r - 5. Give l(q).
-2
Let k(v) = v**2 + 1. Suppose 0*l + l = 0. Determine k(l).
1
Let d(w) = w + 1. Let f(z) = 16*z + 6. Let y(a) = 12*d(a) - f(a). Determine y(4).
-10
Let r(k) = k**2 - k - 1. Let u(t) = -2*t**2 + 2*t + 5. Let f(b) = 4*r(b) + u(b). Calculate f(2).
5
Let s(v) = v**2 + 2*v - 3. Let b(t) = t**2 + 9*t + 15. Let c be b(-8). Let q(u) = -u**2 + 6*u + 4. Let r be q(c). Calculate s(r).
0
Let h(g) = 6*g**2 + 2*g + 1. Let z(p) be the first derivative of -p**3/3 + 7*p**2/2 - 7*p + 5. Let q be z(6). What is h(q)?
5
Suppose 0*m = 5*m. Suppose 0 = -4*o + s + 9, m = -2*o + 5*s + 4 + 5. Let l be 80/14 + o/